e b(6). Let v be (-4)/18 - 47/(-9). Suppose 930 = m*l + g - 6*g, 0 = -v*g + 10. Is l prime?
False
Suppose -3*i = -0 - 15. Suppose -i*p + 1 = 16. Is -3 - (-86 + 6/p) composite?
True
Let m = 7700 - 3574. Is m a composite number?
True
Suppose -5*z = -0*z - 5*r - 190, 5*r - 48 = -2*z. Suppose 2*j = z + 148. Is j a composite number?
True
Suppose -5*w - 2*w + 63 = 0. Let t(j) = j**3 - 4*j**2 + 2. Let r be t(2). Let d = w + r. Is d composite?
False
Let k(v) = -5*v - 3. Let j be k(-2). Suppose -j*n + 3*n = -2612. Is n a composite number?
False
Let m = -44 + 47. Suppose -m = -3*q + 6*q, 1403 = 2*s - q. Is s a prime number?
True
Suppose -2*w + 5*b + 20 = b, 3*w - 4*b = 20. Suppose w = -5*p - 0 + 20. Is 0 - p/8*-226 a prime number?
True
Suppose -2*v + 7*c = 6*c - 134005, 2*c + 134004 = 2*v. Is v prime?
True
Let z(a) be the second derivative of 14*a**3/3 + 17*a**2/2 - 20*a. Is z(5) a composite number?
False
Suppose -h - h = -4*v - 28500, -4*v = 4*h + 28512. Let a = v + 14837. Is a a composite number?
True
Suppose -10012 = -30*s + 26*s. Is s a composite number?
False
Let a = -20141 - -31338. Is a a prime number?
True
Let r = 11 + -8. Suppose -r*f + 8972 = 527. Is f a prime number?
False
Suppose -2*d - 2*x = -130, 2*x + 185 = 3*d - 0*x. Suppose -d = -5*r + 4*j + 35, -3*r + 5*j = -51. Is r a composite number?
True
Suppose -3*k = 13853 + 2161. Is (-69)/(-12) - 6 - k/8 a composite number?
True
Let q = 117 + -115. Suppose q*f + a = 169, -a - 2*a = 4*f - 337. Is f prime?
False
Is 507/(-182)*-21806 - 2/7 composite?
True
Suppose -4*w + 5*a = -12572, -a - 6286 = 2*w - 4*w. Is w a prime number?
False
Let w be (-6244)/(-22) + (-2 - (-96)/44). Let l = w - -47. Is l a prime number?
True
Suppose -3*i = -4*a - 41661, i - 3*a - 8127 = 5765. Is i composite?
False
Suppose 5*i + 3*j + 34659 = 86629, i - 10366 = 5*j. Is i a prime number?
True
Let g(z) = -25436*z + 1047. Is g(-5) a prime number?
False
Let v(r) = r**3 - 6*r**2 + 6*r - 5. Let z be v(5). Suppose 1960 = 3*q + 2*q. Suppose z = -2*p + 4*k + 186, 4*p - k - 3*k - q = 0. Is p prime?
True
Let i be 2942/5 - (-2 + (-60)/(-25)). Let o = i - 51. Is o prime?
False
Let q(c) be the third derivative of c**6/120 - c**5/12 + 5*c**4/6 - 7*c**3/6 - 27*c**2. Is q(6) a prime number?
True
Let c = 21027 + -8708. Is c a composite number?
True
Is (0 - -1)/((-1)/(-1286)) a prime number?
False
Let y(h) = h**3 + 21*h**2 - 23*h + 11. Is y(-22) prime?
False
Suppose -2*k + 7811 + 6397 = 2*s, 4 = 4*s. Is k a prime number?
True
Suppose 3*o = -4*z + 10424, -6*z + 4*o + 5234 = -4*z. Is z composite?
False
Is -1 + 7 - (-33 - 748) composite?
False
Suppose -3*y - 28 = -7*y + 4*g, 0 = 5*y + g - 47. Let k be -3*(-2508)/y + 1. Let m = k - 426. Is m a composite number?
True
Suppose 4 + 2 = 2*k. Let a be 6 - (-8)/(6/(-3)). Suppose 0 = k*q - a*z - 605, 4*q + 4*z + z - 776 = 0. Is q composite?
False
Let j(g) be the third derivative of 41*g**5/60 + 3*g**4/8 - 7*g**3/2 - 15*g**2. Is j(11) prime?
True
Suppose 5*u - 7 - 8 = 0. Suppose 3*a - 19 = 4*f - 2*f, 0 = -u*a - 3*f - 6. Suppose -10 = -4*n + a*n. Is n prime?
False
Let u = 6 + -3. Suppose 0 = -5*x + 5*a + 270 - 0, -u*a = -5*x + 266. Suppose -3*i = m - x, -m + 163 = 3*m + 3*i. Is m prime?
True
Let q(u) = -3*u**3 - 9*u**2 - 2*u - 5. Let v(c) = c**3 - c**2 + c + 1. Let a(b) = -q(b) - 2*v(b). Let p be a(-11). Is 179/(-2)*(p + -5) composite?
False
Suppose 8*m = 5*m + 2*f + 21828, 4*m + 2*f = 29090. Is m a prime number?
False
Suppose 3*j + 4*p - 50171 = 0, 3*j + p - 51448 = -1265. Is j a prime number?
True
Let n(c) = 7*c - 11. Suppose 0 = -5*r + 15. Suppose 10 + 10 = r*l - 2*i, l + 5 = 3*i. Is n(l) a composite number?
False
Suppose 94*i - 2*z - 15387 = 93*i, 2*z = 5*i - 76967. Is i a prime number?
False
Is 2335088/112*(-10)/(-2) a prime number?
False
Let c(i) = i**3 - 13*i**2 + 12*i + 4. Let f be c(12). Suppose -6*q + 1810 = -f*q. Let z = -228 + q. Is z composite?
False
Suppose 0 = -6*j + 171251 - 21305. Is j a composite number?
True
Let o(c) = -3*c**3 - 239 + 2*c**3 + 269 - 14*c + 5*c**2 + 17*c**2. Is o(17) prime?
True
Suppose -37*k + 35*k = -7128. Let a = -1619 + k. Is a composite?
True
Suppose -10 = 7*y + 74. Let p be (-4)/(-16) - 45/y. Suppose 127 = p*b - 45. Is b a prime number?
True
Suppose 5*c - 11 = -3*p, p = -p + 3*c + 1. Suppose 0 = -p*b - 0*b + 874. Is b a composite number?
True
Let n(c) = 42*c + 1. Suppose 3*z + 5*y = -19, 0*y = z - 4*y - 22. Suppose 10 = z*p - 0*p. Is n(p) a composite number?
False
Suppose -30 = 3*r - 12. Is (-638)/r*(-5 + 8) a composite number?
True
Let f be (-1)/1 + 9 + -6. Suppose -5*j + 6 - 16 = 5*a, f*j = 4*a + 26. Suppose 5*i - 8 = -v, -j*v - 2*i - 1 + 38 = 0. Is v a composite number?
False
Is -346*(-2 + (1 - 55/10)) prime?
False
Let w be (-2)/(5/((-45)/6)). Suppose 5*g - 600 = 4*z - 9*z, w*g - 340 = 2*z. Suppose -g = -5*b + 74. Is b composite?
True
Let r be (14/70)/(3/45). Suppose 7*j - 8*j - 3 = 0, 3*c = -r*j + 912. Is c prime?
True
Let r = 374 + -246. Suppose 186 + r = 2*v. Is v a composite number?
False
Let o(y) = -y**3 + 4*y - 3. Let b be o(2). Let l be ((-2)/b)/(5/(-120)). Let s = l + 143. Is s a prime number?
True
Suppose -15289 = -3*w + 18635. Is w/16 + 2/8 composite?
True
Suppose 12*j = 25*j - 81107. Is j a prime number?
False
Is 3 + ((-44838)/45)/(3/(-15)) a composite number?
True
Is 1079666/42 - 1/3 a prime number?
False
Is -4*((-1324)/16 - 4) a prime number?
True
Let i be (-22)/(-3) + (-8)/6. Suppose -i*p = -14*p + 1048. Is p a composite number?
False
Let i(w) = w - 3. Let f be i(4). Let t be (-2)/f - (-174 + 9). Is t*(-3 - 1*-4) prime?
True
Let p be (-306)/(-39) + 2/13. Is (27 - -1)*((-14)/p - -2) prime?
True
Suppose 2 + 0 = 2*o, 3*h = 4*o + 2. Suppose 5*i - 17 = -r, h*i = 4*r + i - 89. Is r a composite number?
True
Let a = -39 + 33. Is ((-1954)/a)/(17/51) a prime number?
True
Suppose -5*k - c + 22 = 6, -3*k + 7 = -2*c. Suppose k*v = -444 + 1647. Is v prime?
True
Suppose 2*x = -3*x. Suppose 2*h - 151 - 379 = x. Is h prime?
False
Suppose -2445 = -o - 4*o. Let w = o - 196. Is w composite?
False
Suppose -4*x + 7127 = 2523. Is x composite?
False
Let b(a) = 722*a - 55. Let v(m) = -1083*m + 82. Let y(p) = -8*b(p) - 5*v(p). Is y(-8) prime?
False
Suppose -17*w + 22*w - 41269 = 4*y, 0 = -5*w - 5*y + 41305. Is w a composite number?
True
Let s(u) = -u**2 - 7*u - 7. Let d be s(-5). Suppose -3264 = -d*m + 684. Suppose q - 5*q = -m. Is q a prime number?
False
Let s(b) = 906*b**2 + 5*b - 4. Is s(1) a composite number?
False
Let x be (3/4)/(1/16). Suppose 18452 + 28336 = x*n. Is n a prime number?
False
Let j(n) = 23*n**2 + 12*n + 12. Suppose -2 = -t - 9. Is j(t) prime?
False
Let q be (14 + -14 + 4/(-3))*-3. Suppose 6*x + 5*r = 3*x + 872, -4*r + 1176 = q*x. Is x prime?
False
Suppose -3*o = -z - 475, -2*z = -o + 30 + 125. Let s be o/4 + 2/8. Let d = s - -183. Is d prime?
True
Suppose -5*p = -4*f + 549, 0*f + 2*p + 410 = 3*f. Suppose -f = -o + 597. Is o a composite number?
False
Let d(x) = 30*x**2 + 20*x + 52. Is d(23) a prime number?
False
Suppose 80 = -y + 5*y. Let o be y/(-5) + 109/1. Suppose o - 1875 = -6*g. Is g prime?
False
Let k be (37 - -4)/(4/96). Let t = 1939 - k. Is t a prime number?
False
Let t(j) = 2*j. Let f be t(-3). Let x(m) = m**3 + 7*m**2 + 5*m - 4. Let z be x(f). Suppose u = z*u + 4*l - 89, -2*u + l + 151 = 0. Is u prime?
False
Let l(t) = -604*t**3 - t**2 - 3*t - 3. Is l(-2) composite?
False
Let d = 54 + -48. Is 116/d*(-1590)/(-20) composite?
True
Let s be (-10)/8*(-8 - 572). Let v = s + -1901. Let h = 2311 + v. Is h a composite number?
True
Let c = -4812 - -8017. Is c a composite number?
True
Suppose -5*f + a - 17 = 0, -4*a = 3*f - 4*f + 8. Is (-857 - f)*(-1)/((-2)/(-2)) composite?
False
Let c = 6 + -6. Suppose c*k + 5*m = k - 27, 24 = 3*k + 4*m. Let o(f) = 7*f + 13. Is o(k) prime?
True
Let w(j) = 196*j**2 + 13*j - 44. Is w(3) a composite number?
False
Suppose s + 3*w = 23, 7 = 3*w - 8. Let p be -12*(-4)/s*1. Suppose z - p*z = -255. Is z prime?
False
Suppose 6*h = 14*h - 16. Let s(u) = 628*u - 7. Is s(h) prime?
True
Suppose -3*z = -5*c - 4*z + 14, 0 = 5*z - 20. Suppose d + 2*h - 950 = 673, -c*d = h - 3246. Suppose -3*y = -0*y - d. Is y a composite number?
False
Let y(o) = -o**3 + 18*o**2 + 23*o + 9. Suppose 3*l - 6 = -2*j, l + 2*l - j + 3 = 0. Suppose -3*r = -